{"id":230130,"date":"2023-05-09T20:54:48","date_gmt":"2023-05-09T19:54:48","guid":{"rendered":"https:\/\/camera.ictwello.nl\/product\/act-ac7910-hdmi-4k-kvm-switch-met-vaste-kabels\/"},"modified":"2023-05-10T10:11:14","modified_gmt":"2023-05-10T09:11:14","slug":"act-ac7910-hdmi-4k-kvm-switch-met-vaste-kabels","status":"publish","type":"product","link":"https:\/\/camera.ictwello.nl\/?product=act-ac7910-hdmi-4k-kvm-switch-met-vaste-kabels","title":{"rendered":"ACT AC7910 HDMI 4K KVM switch met vaste kabels"},"content":{"rendered":"<p>Met de AC7910 4K HDMI kabel KVM switch sluit je \u00e9\u00e9n USB-toetsenbord, \u00e9\u00e9n USB-muis en \u00e9\u00e9n HDMI-monitor aan op twee computers met HDMI. De maximale resolutie is 4096 x 2160 (4K) @ 60Hz. Schakel tussen de computer met de quick switch-knop, hotkeys of software. Alle benodigde kabels zijn aangesloten op de switch. Daarom is de AC7910 direct klaar voor gebruik.<\/p>\n<p>E\u00e9n toetsenbord, \u00e9\u00e9n muis en \u00e9\u00e9n monitor aansluiten op twee computers<br \/>\nZorg voor een opgeruimde werkplek door \u00e9\u00e9n toetsenbord, \u00e9\u00e9n muis en \u00e9\u00e9n HDMI-monitor aan te sluiten op twee computers met HDMI. Met de AC7910 Kabel KVM Switch deel je de invoerapparaten met twee computers. De switch heeft twee USB-A-poorten en een 3,5mm speaker- en microfoon-jack. De maximale resolutie is 4096 x 2160 (4K) @ 60Hz.<\/p>\n<p>Direct klaar voor gebruik<br \/>\nDe AC7910 is een kabel KWM-switch. Dit betekent dat alle kabels al aan de switch vast zitten: HDMI-kabels, USB-kabels, audiokabels en een quick switch-knop. Hierdoor is de switch direct klaar voor gebruik.<\/p>\n<p>Schakel tussen de computers met de quick switch-knop, hotkeys of software<br \/>\nMet de quick switch-knop op de KVM-switch schakel je eenvoudig tussen de twee aangesloten computers. Het schakelen kan ook met een hotkey op het toetsenbord of met speciale software.<\/p>\n<p>Auto-input-sensing<br \/>\nDe AC7910 Kabel KVM Switch is uitgerust met auto-input-sensing en detecteert automatisch welke computer actief is.<\/p>\n","protected":false},"excerpt":{"rendered":"<p>ACT AC7910 HDMI 4K KVM switch met vaste kabels<\/p>\n","protected":false},"featured_media":231803,"comment_status":"open","ping_status":"closed","template":"","meta":{"_et_pb_use_builder":"","_et_pb_old_content":"","_et_gb_content_width":""},"product_brand":[],"product_cat":[140,77],"product_tag":[277],"class_list":{"0":"post-230130","1":"product","2":"type-product","3":"status-publish","4":"has-post-thumbnail","6":"product_cat-kvm-switches","7":"product_cat-kabels-en-adapters","8":"product_tag-new","10":"first","11":"outofstock","12":"taxable","13":"shipping-taxable","14":"purchasable","15":"product-type-simple"},"_links":{"self":[{"href":"https:\/\/camera.ictwello.nl\/index.php?rest_route=\/wp\/v2\/product\/230130","targetHints":{"allow":["GET"]}}],"collection":[{"href":"https:\/\/camera.ictwello.nl\/index.php?rest_route=\/wp\/v2\/product"}],"about":[{"href":"https:\/\/camera.ictwello.nl\/index.php?rest_route=\/wp\/v2\/types\/product"}],"replies":[{"embeddable":true,"href":"https:\/\/camera.ictwello.nl\/index.php?rest_route=%2Fwp%2Fv2%2Fcomments&post=230130"}],"wp:featuredmedia":[{"embeddable":true,"href":"https:\/\/camera.ictwello.nl\/index.php?rest_route=\/wp\/v2\/media\/231803"}],"wp:attachment":[{"href":"https:\/\/camera.ictwello.nl\/index.php?rest_route=%2Fwp%2Fv2%2Fmedia&parent=230130"}],"wp:term":[{"taxonomy":"product_brand","embeddable":true,"href":"https:\/\/camera.ictwello.nl\/index.php?rest_route=%2Fwp%2Fv2%2Fproduct_brand&post=230130"},{"taxonomy":"product_cat","embeddable":true,"href":"https:\/\/camera.ictwello.nl\/index.php?rest_route=%2Fwp%2Fv2%2Fproduct_cat&post=230130"},{"taxonomy":"product_tag","embeddable":true,"href":"https:\/\/camera.ictwello.nl\/index.php?rest_route=%2Fwp%2Fv2%2Fproduct_tag&post=230130"}],"curies":[{"name":"wp","href":"https:\/\/api.w.org\/{rel}","templated":true}]}}