{"id":234523,"date":"2023-05-10T09:35:21","date_gmt":"2023-05-10T08:35:21","guid":{"rendered":"https:\/\/camera.ictwello.nl\/product\/sharkoon-vg6-w-rgb-midi-tower-zwart\/"},"modified":"2023-05-10T10:29:19","modified_gmt":"2023-05-10T09:29:19","slug":"sharkoon-vg6-w-rgb-midi-tower-zwart","status":"publish","type":"product","link":"https:\/\/camera.ictwello.nl\/?product=sharkoon-vg6-w-rgb-midi-tower-zwart","title":{"rendered":"Sharkoon VG6-W RGB Midi Tower Zwart"},"content":{"rendered":"<p>De VG6-W RGB ATX midi tower valt op door zijn retro-futuristisch frontpaneel en het compacte ontwerp welke is ontwikkeld voor de prijsbewuste gamer met luchtgekoelde systemen. Dus, er zijn alvast drie adresseerbare 120 mm RGB LED fans ge\u00efnstalleerd, welke niet alleen zorgen voor gekleurde highlights achter de acryl windows van het front- en zijpaneel, maar ook voor een zorgenvrije luchtstroom.Verlichting in 16,8 miljoen kleuren. De VG6-W RGB heeft twee vooraf ge\u00efnstalleerde fans in het frontpanneel en \u00e9\u00e9n fan op de achterkant, allemaal met adresseerbare RGB leds. Deze kunnen via het moederbord met adresseerbare led headers (pin configuratie 5V-D-coded-G of 5V-D-G worden geregeld. Als het moederbord deze header niet heeft, is er ook een handmatige controle optie aanwezig. Hiermee beschik je over veertien verlichting effecten welke je kan selecteren via de reset knop van de behuizing.Retro-futuristische eye-catcher. Het frontpaneel van de VG6-W RGB met het grote acryl window geeft de behuizing een unieke retro-futuristische afwerking welke gamers zal aanspreken. De led \u2018ogen\u2019 boven het frontpaneel geven de behuizing een sterk expressief uiterlijk, en daaronder laat het gehoekte acryl window de voor ge\u00efnstalleerde fans op hun best zien.Hardware in zicht. De VG6-W RGB is uitgerust met een groot acryl window voor het tonen van de ge\u00efnstalleerde hardware. De window is niet enkel hiervoor geschikt, maar ook voor het tonen van showy interne aanpassingen en verlichte componenten.Compact behuizing ontwerp. De behuizing is zo compact als mogelijk gehouden zonder concessies te maken met betrekking tot het plaatsen van hardware. Er is plaats voor vier SSDs en tot drie harde schijven, en een optische drive. Met het ontwerpen hebben we onnodige extra\u2019s weglaten.Tot ziens stof. Om ervoor te zorgen dat de ge\u00efnstalleerde hardware optimaal wordt beschermt, beschikt de VG6-W RGB over verwijderbare en dus gemakkelijk te reinigen stoffilters op de luchtinlaatzones. Indien gewenst kan het filter voor de voorste fans worden verwijderd om de sfeer van de verlichting te veranderen.<\/p>\n","protected":false},"excerpt":{"rendered":"<p>Case Sharkoon VG6-W RGB Midi Tower Zwart<\/p>\n","protected":false},"featured_media":235570,"comment_status":"open","ping_status":"closed","template":"","meta":{"_et_pb_use_builder":"","_et_pb_old_content":"","_et_gb_content_width":""},"product_brand":[],"product_cat":[98,70],"product_tag":[277],"class_list":{"0":"post-234523","1":"product","2":"type-product","3":"status-publish","4":"has-post-thumbnail","6":"product_cat-computerbehuizingen","7":"product_cat-componenten","8":"product_tag-new","10":"first","11":"outofstock","12":"taxable","13":"shipping-taxable","14":"purchasable","15":"product-type-simple"},"_links":{"self":[{"href":"https:\/\/camera.ictwello.nl\/index.php?rest_route=\/wp\/v2\/product\/234523","targetHints":{"allow":["GET"]}}],"collection":[{"href":"https:\/\/camera.ictwello.nl\/index.php?rest_route=\/wp\/v2\/product"}],"about":[{"href":"https:\/\/camera.ictwello.nl\/index.php?rest_route=\/wp\/v2\/types\/product"}],"replies":[{"embeddable":true,"href":"https:\/\/camera.ictwello.nl\/index.php?rest_route=%2Fwp%2Fv2%2Fcomments&post=234523"}],"wp:featuredmedia":[{"embeddable":true,"href":"https:\/\/camera.ictwello.nl\/index.php?rest_route=\/wp\/v2\/media\/235570"}],"wp:attachment":[{"href":"https:\/\/camera.ictwello.nl\/index.php?rest_route=%2Fwp%2Fv2%2Fmedia&parent=234523"}],"wp:term":[{"taxonomy":"product_brand","embeddable":true,"href":"https:\/\/camera.ictwello.nl\/index.php?rest_route=%2Fwp%2Fv2%2Fproduct_brand&post=234523"},{"taxonomy":"product_cat","embeddable":true,"href":"https:\/\/camera.ictwello.nl\/index.php?rest_route=%2Fwp%2Fv2%2Fproduct_cat&post=234523"},{"taxonomy":"product_tag","embeddable":true,"href":"https:\/\/camera.ictwello.nl\/index.php?rest_route=%2Fwp%2Fv2%2Fproduct_tag&post=234523"}],"curies":[{"name":"wp","href":"https:\/\/api.w.org\/{rel}","templated":true}]}}